{"id":315,"date":"2023-09-08T18:47:34","date_gmt":"2023-09-08T21:47:34","guid":{"rendered":"https:\/\/morandi.com.br\/site\/?page_id=315"},"modified":"2023-09-27T10:39:55","modified_gmt":"2023-09-27T13:39:55","slug":"prefeitura-municipal-de-viamao","status":"publish","type":"page","link":"https:\/\/morandi.com.br\/site\/index.php\/obras\/prefeitura-municipal-de-viamao\/","title":{"rendered":"Prefeitura Municipal de Viam\u00e3o"},"content":{"rendered":"\n<h2 class=\"wp-block-heading\">MANUTEN\u00c7\u00c3O de vias e redes<\/h2>\n\n\n\n<p>Execu\u00e7\u00e3o dos servi\u00e7os de recupera\u00e7\u00e3o de obras vi\u00e1rias do Munic\u00edpio de Viam\u00e3o\/RS com fornecimento de materiais, equipamentos e m\u00e3o de obra.<\/p>\n\n\n\n<ul class=\"wp-block-list\">\n<li>Regulariza\u00e7\u00e3o de superf\u00edcies com saibro compactado: 1.440.000 m\u00b2<\/li>\n\n\n\n<li>Execu\u00e7\u00e3o de recupera\u00e7\u00e3o de vias n\u00e3o pavimentadas com a utiliza\u00e7\u00e3o de estabilizante qu\u00edmico para solos: 35.000 m\u00b3<\/li>\n\n\n\n<li>Concreto asf\u00e1ltico faixa II e III compactado na pista: 4000 tn<\/li>\n\n\n\n<li>Restaura\u00e7\u00e3o asf\u00e1ltica inclusive pintura de liga\u00e7\u00e3o com caminh\u00e3o t\u00e9rmico: 28.000 m\u00b2<\/li>\n\n\n\n<li>Rede de Drenagem Pluvial: 3.580 m<\/li>\n\n\n\n<li>Rede Cloacal: 6.500 m<\/li>\n<\/ul>\n\n\n\n<p><\/p>\n\n\n\n<figure class=\"wp-block-gallery has-nested-images columns-default is-cropped wp-block-gallery-1 is-layout-flex wp-block-gallery-is-layout-flex\">\n<figure class=\"wp-block-image size-large\"><img loading=\"lazy\" decoding=\"async\" width=\"230\" height=\"409\" data-id=\"406\" src=\"https:\/\/morandi.com.br\/site\/wp-content\/uploads\/2023\/09\/viamao_rua_florida_230_409.jpg\" alt=\"\" class=\"wp-image-406\" srcset=\"https:\/\/morandi.com.br\/site\/wp-content\/uploads\/2023\/09\/viamao_rua_florida_230_409.jpg 230w, https:\/\/morandi.com.br\/site\/wp-content\/uploads\/2023\/09\/viamao_rua_florida_230_409-169x300.jpg 169w\" sizes=\"auto, (max-width: 230px) 100vw, 230px\" \/><figcaption class=\"wp-element-caption\">Rua Fl\u00f3rida<br>Bloco de Concreto<\/figcaption><\/figure>\n\n\n\n<figure class=\"wp-block-image size-large\"><img loading=\"lazy\" decoding=\"async\" width=\"230\" height=\"409\" data-id=\"407\" src=\"https:\/\/morandi.com.br\/site\/wp-content\/uploads\/2023\/09\/viamao-rua-ramiro-cardoso-regularizacao-e-pavimentacao-asfaltica-230X409-1.jpg\" alt=\"\" class=\"wp-image-407\" srcset=\"https:\/\/morandi.com.br\/site\/wp-content\/uploads\/2023\/09\/viamao-rua-ramiro-cardoso-regularizacao-e-pavimentacao-asfaltica-230X409-1.jpg 230w, https:\/\/morandi.com.br\/site\/wp-content\/uploads\/2023\/09\/viamao-rua-ramiro-cardoso-regularizacao-e-pavimentacao-asfaltica-230X409-1-169x300.jpg 169w\" sizes=\"auto, (max-width: 230px) 100vw, 230px\" \/><figcaption class=\"wp-element-caption\">Rua Ramiro Cardoso<br>Regulariza\u00e7\u00e3o e Pavimenta\u00e7\u00e3o<\/figcaption><\/figure>\n\n\n\n<figure class=\"wp-block-image size-large\"><img loading=\"lazy\" decoding=\"async\" width=\"230\" height=\"409\" data-id=\"408\" src=\"https:\/\/morandi.com.br\/site\/wp-content\/uploads\/2023\/09\/viamao-rua-ramiro-cardoso-regularizacao-e-pavimentacao-asfaltica-230X409_2-1.jpg\" alt=\"\" class=\"wp-image-408\" srcset=\"https:\/\/morandi.com.br\/site\/wp-content\/uploads\/2023\/09\/viamao-rua-ramiro-cardoso-regularizacao-e-pavimentacao-asfaltica-230X409_2-1.jpg 230w, https:\/\/morandi.com.br\/site\/wp-content\/uploads\/2023\/09\/viamao-rua-ramiro-cardoso-regularizacao-e-pavimentacao-asfaltica-230X409_2-1-169x300.jpg 169w\" sizes=\"auto, (max-width: 230px) 100vw, 230px\" \/><figcaption class=\"wp-element-caption\">Rua Ramiro Cardoso<br>Regulariza\u00e7\u00e3o e Pavimenta\u00e7\u00e3o<\/figcaption><\/figure>\n<\/figure>\n\n\n\n<p><\/p>\n\n\n\n<figure class=\"wp-block-gallery has-nested-images columns-default is-cropped wp-block-gallery-2 is-layout-flex wp-block-gallery-is-layout-flex\">\n<figure class=\"wp-block-image size-large\"><img loading=\"lazy\" decoding=\"async\" width=\"474\" height=\"185\" data-id=\"410\" src=\"https:\/\/morandi.com.br\/site\/wp-content\/uploads\/2023\/09\/viamao-rua-tuxa-regularizacao-e-pavimentacao-asfaltica-474X185.jpg\" alt=\"\" class=\"wp-image-410\" srcset=\"https:\/\/morandi.com.br\/site\/wp-content\/uploads\/2023\/09\/viamao-rua-tuxa-regularizacao-e-pavimentacao-asfaltica-474X185.jpg 474w, https:\/\/morandi.com.br\/site\/wp-content\/uploads\/2023\/09\/viamao-rua-tuxa-regularizacao-e-pavimentacao-asfaltica-474X185-300x117.jpg 300w\" sizes=\"auto, (max-width: 474px) 100vw, 474px\" \/><figcaption class=\"wp-element-caption\">Rua Tuxa<br>Regulariza\u00e7\u00e3o e Pavimenta\u00e7\u00e3o Asf\u00e1ltica<\/figcaption><\/figure>\n\n\n\n<figure class=\"wp-block-image size-large\"><img loading=\"lazy\" decoding=\"async\" width=\"474\" height=\"185\" data-id=\"409\" src=\"https:\/\/morandi.com.br\/site\/wp-content\/uploads\/2023\/09\/viamao-rua-tuxa-regularizacao-e-pavimentacao-asfaltica-474X185_1.jpg\" alt=\"\" class=\"wp-image-409\" srcset=\"https:\/\/morandi.com.br\/site\/wp-content\/uploads\/2023\/09\/viamao-rua-tuxa-regularizacao-e-pavimentacao-asfaltica-474X185_1.jpg 474w, https:\/\/morandi.com.br\/site\/wp-content\/uploads\/2023\/09\/viamao-rua-tuxa-regularizacao-e-pavimentacao-asfaltica-474X185_1-300x117.jpg 300w\" sizes=\"auto, (max-width: 474px) 100vw, 474px\" \/><figcaption class=\"wp-element-caption\">Rua Tuxa<br>Regulariza\u00e7\u00e3o e Pavimenta\u00e7\u00e3o Asf\u00e1ltica<\/figcaption><\/figure>\n<\/figure>\n\n\n\n<p><\/p>\n\n\n\n<figure class=\"wp-block-gallery has-nested-images columns-default is-cropped wp-block-gallery-3 is-layout-flex wp-block-gallery-is-layout-flex\">\n<figure class=\"wp-block-image size-large\"><img loading=\"lazy\" decoding=\"async\" width=\"300\" height=\"225\" data-id=\"412\" src=\"https:\/\/morandi.com.br\/site\/wp-content\/uploads\/2023\/09\/obras-viamao-reconstituicao-asfaltica-diversas-ruas-de-Viamao.jpg\" alt=\"\" class=\"wp-image-412\"\/><figcaption class=\"wp-element-caption\">Ruas Diversas<br>Reconstitui\u00e7\u00e3o Asf\u00e1ltica<\/figcaption><\/figure>\n\n\n\n<figure class=\"wp-block-image size-large\"><img loading=\"lazy\" decoding=\"async\" width=\"300\" height=\"225\" data-id=\"411\" src=\"https:\/\/morandi.com.br\/site\/wp-content\/uploads\/2023\/09\/obras-viamao-reconstituicao-asfaltica-diversas-ruas-de-Viamao_2.jpg\" alt=\"\" class=\"wp-image-411\"\/><figcaption class=\"wp-element-caption\">Ruas Diversas<br>Reconstitui\u00e7\u00e3o Asf\u00e1ltica<\/figcaption><\/figure>\n<\/figure>\n\n\n\n<p><\/p>\n\n\n\n<figure class=\"wp-block-gallery has-nested-images columns-default is-cropped wp-block-gallery-4 is-layout-flex wp-block-gallery-is-layout-flex\">\n<figure class=\"wp-block-image size-large\"><img loading=\"lazy\" decoding=\"async\" width=\"326\" height=\"458\" data-id=\"416\" src=\"https:\/\/morandi.com.br\/site\/wp-content\/uploads\/2023\/09\/obras-viamao-reconstituicao-asfaltica-diversas-ruas-de-Viamao_326x458.jpg\" alt=\"\" class=\"wp-image-416\" srcset=\"https:\/\/morandi.com.br\/site\/wp-content\/uploads\/2023\/09\/obras-viamao-reconstituicao-asfaltica-diversas-ruas-de-Viamao_326x458.jpg 326w, https:\/\/morandi.com.br\/site\/wp-content\/uploads\/2023\/09\/obras-viamao-reconstituicao-asfaltica-diversas-ruas-de-Viamao_326x458-214x300.jpg 214w\" sizes=\"auto, (max-width: 326px) 100vw, 326px\" \/><figcaption class=\"wp-element-caption\">Ruas Diversas<br>Reconstitui\u00e7\u00e3o Asf\u00e1ltica<\/figcaption><\/figure>\n\n\n\n<figure class=\"wp-block-image size-large\"><img loading=\"lazy\" decoding=\"async\" width=\"326\" height=\"458\" data-id=\"415\" src=\"https:\/\/morandi.com.br\/site\/wp-content\/uploads\/2023\/09\/obras-viamao-reconstituicao-asfaltica-diversas-ruas-de-Viamao_326x458_2.jpg\" alt=\"\" class=\"wp-image-415\" srcset=\"https:\/\/morandi.com.br\/site\/wp-content\/uploads\/2023\/09\/obras-viamao-reconstituicao-asfaltica-diversas-ruas-de-Viamao_326x458_2.jpg 326w, https:\/\/morandi.com.br\/site\/wp-content\/uploads\/2023\/09\/obras-viamao-reconstituicao-asfaltica-diversas-ruas-de-Viamao_326x458_2-214x300.jpg 214w\" sizes=\"auto, (max-width: 326px) 100vw, 326px\" \/><figcaption class=\"wp-element-caption\">Ruas Diversas<br>Reconstitui\u00e7\u00e3o Asf\u00e1ltica<\/figcaption><\/figure>\n<\/figure>\n","protected":false},"excerpt":{"rendered":"<p>MANUTEN\u00c7\u00c3O de vias e redes Execu\u00e7\u00e3o dos servi\u00e7os de recupera\u00e7\u00e3o de obras vi\u00e1rias do Munic\u00edpio de Viam\u00e3o\/RS com fornecimento de materiais, equipamentos e m\u00e3o de obra.<\/p>\n","protected":false},"author":1,"featured_media":0,"parent":257,"menu_order":6,"comment_status":"closed","ping_status":"closed","template":"","meta":{"footnotes":""},"class_list":["post-315","page","type-page","status-publish","hentry"],"_links":{"self":[{"href":"https:\/\/morandi.com.br\/site\/index.php\/wp-json\/wp\/v2\/pages\/315","targetHints":{"allow":["GET"]}}],"collection":[{"href":"https:\/\/morandi.com.br\/site\/index.php\/wp-json\/wp\/v2\/pages"}],"about":[{"href":"https:\/\/morandi.com.br\/site\/index.php\/wp-json\/wp\/v2\/types\/page"}],"author":[{"embeddable":true,"href":"https:\/\/morandi.com.br\/site\/index.php\/wp-json\/wp\/v2\/users\/1"}],"replies":[{"embeddable":true,"href":"https:\/\/morandi.com.br\/site\/index.php\/wp-json\/wp\/v2\/comments?post=315"}],"version-history":[{"count":6,"href":"https:\/\/morandi.com.br\/site\/index.php\/wp-json\/wp\/v2\/pages\/315\/revisions"}],"predecessor-version":[{"id":418,"href":"https:\/\/morandi.com.br\/site\/index.php\/wp-json\/wp\/v2\/pages\/315\/revisions\/418"}],"up":[{"embeddable":true,"href":"https:\/\/morandi.com.br\/site\/index.php\/wp-json\/wp\/v2\/pages\/257"}],"wp:attachment":[{"href":"https:\/\/morandi.com.br\/site\/index.php\/wp-json\/wp\/v2\/media?parent=315"}],"curies":[{"name":"wp","href":"https:\/\/api.w.org\/{rel}","templated":true}]}}