{"id":313,"date":"2023-09-08T18:43:06","date_gmt":"2023-09-08T21:43:06","guid":{"rendered":"https:\/\/morandi.com.br\/site\/?page_id=313"},"modified":"2023-09-27T10:38:54","modified_gmt":"2023-09-27T13:38:54","slug":"prefeitura-municipal-de-guaiba","status":"publish","type":"page","link":"https:\/\/morandi.com.br\/site\/index.php\/obras\/prefeitura-municipal-de-guaiba\/","title":{"rendered":"Prefeitura Municipal de Gua\u00edba"},"content":{"rendered":"\n<h2 class=\"wp-block-heading\">MANUTEN\u00c7\u00c3O de vias e redes<\/h2>\n\n\n\n<ul class=\"wp-block-list\">\n<li>Regulariza\u00e7\u00e3o de superf\u00edcies em terra com motoniveladora: 7.871.419,17 m\u00b2<\/li>\n\n\n\n<li>Fresagem de pavimentos asf\u00e1lticos: 23.270,23 m\u00b2<\/li>\n\n\n\n<li>Fornecimento e execu\u00e7\u00e3o de capa de rolamento com CBUQ compactado na pista: 2.460,07 tn<\/li>\n\n\n\n<li>Restaura\u00e7\u00e3o de pavimento asf\u00e1ltico (tapa-buraco): 69.791,86 m\u00b2<\/li>\n\n\n\n<li>Tratamento superficial simples e lama asf\u00e1ltica: 2.017,90 m\u00b2<\/li>\n\n\n\n<li>Drenagem pluvial<\/li>\n<\/ul>\n\n\n\n<p><\/p>\n\n\n\n<figure class=\"wp-block-gallery has-nested-images columns-default is-cropped wp-block-gallery-1 is-layout-flex wp-block-gallery-is-layout-flex\">\n<figure class=\"wp-block-image size-large\"><img loading=\"lazy\" decoding=\"async\" width=\"255\" height=\"308\" data-id=\"517\" src=\"https:\/\/morandi.com.br\/site\/wp-content\/uploads\/2023\/09\/01_guaiba-regularizacao-asfaltica-2.jpg\" alt=\"\" class=\"wp-image-517\" srcset=\"https:\/\/morandi.com.br\/site\/wp-content\/uploads\/2023\/09\/01_guaiba-regularizacao-asfaltica-2.jpg 255w, https:\/\/morandi.com.br\/site\/wp-content\/uploads\/2023\/09\/01_guaiba-regularizacao-asfaltica-2-248x300.jpg 248w\" sizes=\"auto, (max-width: 255px) 100vw, 255px\" \/><figcaption class=\"wp-element-caption\">Regulariza\u00e7\u00e3o Asf\u00e1ltica<\/figcaption><\/figure>\n\n\n\n<figure class=\"wp-block-image size-large\"><img loading=\"lazy\" decoding=\"async\" width=\"255\" height=\"308\" data-id=\"518\" src=\"https:\/\/morandi.com.br\/site\/wp-content\/uploads\/2023\/09\/02_guaiba-regularizacao-asfaltica-3.jpg\" alt=\"\" class=\"wp-image-518\" srcset=\"https:\/\/morandi.com.br\/site\/wp-content\/uploads\/2023\/09\/02_guaiba-regularizacao-asfaltica-3.jpg 255w, https:\/\/morandi.com.br\/site\/wp-content\/uploads\/2023\/09\/02_guaiba-regularizacao-asfaltica-3-248x300.jpg 248w\" sizes=\"auto, (max-width: 255px) 100vw, 255px\" \/><figcaption class=\"wp-element-caption\">Regulariza\u00e7\u00e3o Asf\u00e1ltica<\/figcaption><\/figure>\n\n\n\n<figure class=\"wp-block-image size-large\"><img loading=\"lazy\" decoding=\"async\" width=\"255\" height=\"308\" data-id=\"516\" src=\"https:\/\/morandi.com.br\/site\/wp-content\/uploads\/2023\/09\/03_guaiba-rua-marcilio-dias-pavimentacao-asfaltica-2.jpg\" alt=\"\" class=\"wp-image-516\" srcset=\"https:\/\/morandi.com.br\/site\/wp-content\/uploads\/2023\/09\/03_guaiba-rua-marcilio-dias-pavimentacao-asfaltica-2.jpg 255w, https:\/\/morandi.com.br\/site\/wp-content\/uploads\/2023\/09\/03_guaiba-rua-marcilio-dias-pavimentacao-asfaltica-2-248x300.jpg 248w\" sizes=\"auto, (max-width: 255px) 100vw, 255px\" \/><figcaption class=\"wp-element-caption\">Rua Marcilio Dias<br>Pavimenta\u00e7\u00e3o Asf\u00e1ltica<\/figcaption><\/figure>\n<\/figure>\n\n\n\n<p><\/p>\n\n\n\n<figure class=\"wp-block-gallery has-nested-images columns-default is-cropped wp-block-gallery-2 is-layout-flex wp-block-gallery-is-layout-flex\">\n<figure class=\"wp-block-image size-large\"><img loading=\"lazy\" decoding=\"async\" width=\"320\" height=\"250\" data-id=\"520\" src=\"https:\/\/morandi.com.br\/site\/wp-content\/uploads\/2023\/09\/04_guaiba-regularizacao-asfaltica-1.jpg\" alt=\"\" class=\"wp-image-520\" srcset=\"https:\/\/morandi.com.br\/site\/wp-content\/uploads\/2023\/09\/04_guaiba-regularizacao-asfaltica-1.jpg 320w, https:\/\/morandi.com.br\/site\/wp-content\/uploads\/2023\/09\/04_guaiba-regularizacao-asfaltica-1-300x234.jpg 300w\" sizes=\"auto, (max-width: 320px) 100vw, 320px\" \/><figcaption class=\"wp-element-caption\">Regulariza\u00e7\u00e3o Asf\u00e1ltica<\/figcaption><\/figure>\n\n\n\n<figure class=\"wp-block-image size-large\"><img loading=\"lazy\" decoding=\"async\" width=\"320\" height=\"250\" data-id=\"521\" src=\"https:\/\/morandi.com.br\/site\/wp-content\/uploads\/2023\/09\/05_guaiba-rua-marcilio-dias-pavimentacao-asfaltica-1.jpg\" alt=\"\" class=\"wp-image-521\" srcset=\"https:\/\/morandi.com.br\/site\/wp-content\/uploads\/2023\/09\/05_guaiba-rua-marcilio-dias-pavimentacao-asfaltica-1.jpg 320w, https:\/\/morandi.com.br\/site\/wp-content\/uploads\/2023\/09\/05_guaiba-rua-marcilio-dias-pavimentacao-asfaltica-1-300x234.jpg 300w\" sizes=\"auto, (max-width: 320px) 100vw, 320px\" \/><figcaption class=\"wp-element-caption\">Rua Marcilio Dias<br>Pavimenta\u00e7\u00e3o Asf\u00e1ltica<\/figcaption><\/figure>\n<\/figure>\n","protected":false},"excerpt":{"rendered":"<p>MANUTEN\u00c7\u00c3O de vias e redes<\/p>\n","protected":false},"author":1,"featured_media":194,"parent":257,"menu_order":4,"comment_status":"closed","ping_status":"closed","template":"","meta":{"footnotes":""},"class_list":["post-313","page","type-page","status-publish","has-post-thumbnail","hentry"],"_links":{"self":[{"href":"https:\/\/morandi.com.br\/site\/index.php\/wp-json\/wp\/v2\/pages\/313","targetHints":{"allow":["GET"]}}],"collection":[{"href":"https:\/\/morandi.com.br\/site\/index.php\/wp-json\/wp\/v2\/pages"}],"about":[{"href":"https:\/\/morandi.com.br\/site\/index.php\/wp-json\/wp\/v2\/types\/page"}],"author":[{"embeddable":true,"href":"https:\/\/morandi.com.br\/site\/index.php\/wp-json\/wp\/v2\/users\/1"}],"replies":[{"embeddable":true,"href":"https:\/\/morandi.com.br\/site\/index.php\/wp-json\/wp\/v2\/comments?post=313"}],"version-history":[{"count":7,"href":"https:\/\/morandi.com.br\/site\/index.php\/wp-json\/wp\/v2\/pages\/313\/revisions"}],"predecessor-version":[{"id":525,"href":"https:\/\/morandi.com.br\/site\/index.php\/wp-json\/wp\/v2\/pages\/313\/revisions\/525"}],"up":[{"embeddable":true,"href":"https:\/\/morandi.com.br\/site\/index.php\/wp-json\/wp\/v2\/pages\/257"}],"wp:featuredmedia":[{"embeddable":true,"href":"https:\/\/morandi.com.br\/site\/index.php\/wp-json\/wp\/v2\/media\/194"}],"wp:attachment":[{"href":"https:\/\/morandi.com.br\/site\/index.php\/wp-json\/wp\/v2\/media?parent=313"}],"curies":[{"name":"wp","href":"https:\/\/api.w.org\/{rel}","templated":true}]}}